0)/104). Let x(v) = -11*v + 27*v**2 + 13 - 8*v**2 - 8*v - v**3. Determine x(q).
-5
Let v be 0/(10/(-1) - (10 + -17)). Let w(r) = r**2 - 2*r - 13. Let m(b) = b**2 - 2*b - 14. Let x(l) = -6*m(l) + 7*w(l). What is x(v)?
-7
Suppose -10*n - 16 = -36. Let p(k) = 3 - 4*k - 2*k - k**3 + 6 + 50*k**2 - 58*k**n. What is p(-7)?
2
Let j(x) = -x**3 - 4*x**2 + 4*x + 15. Suppose 326*a + 1698 = 394. What is j(a)?
-1
Let r be (-146)/(-6)*(6 - 3). Let x = r + -72. Let g(m) be the second derivative of -5*m**3/3 + m**2/2 - 21*m. Calculate g(x).
-9
Let p(c) = 9*c**2 + 25*c + 30. Let h(x) = -11*x**2 - 28*x - 32. Let s(y) = 5*h(y) + 6*p(y). What is s(9)?
29
Let a = -3 - -5. Let j(k) = 5*k**a - 1 + 2*k**3 + 5*k + 3 - 3*k**3 + 1. Let t be 3 - (2 + -22)/(-5) - -7. What is j(t)?
-3
Let w be ((-2)/8)/(36/(-2736)). Let c(y) = -60*y + w*y + 19*y + 2 + 21*y. Calculate c(4).
-2
Let p(z) be the first derivative of z**3/3 - 7*z**2/2 - 22*z + 5649. Determine p(12).
38
Let g(o) = -4*o + 20. Let a = 928 + -925. Calculate g(a).
8
Let y be ((-46)/6 - -1)/(50/(-450)). Let x = y - 14. Let q(g) = 52 + 0*g + g + x - 96. Calculate q(2).
4
Suppose -g = 5*u + 33, -5*u - 37*g + 42*g - 45 = 0. Let q(a) = 7*a**2 + 6*a - 1. Let f(m) = 6*m**2 + 6*m - 1. Let y(l) = -6*f(l) + 5*q(l). Give y(u).
-6
Let j(f) = 2*f**2 - 66*f + 70. Let y be j(32). Let u(w) = w**3 - 7*w**2 + 8*w - 13. Calculate u(y).
-1
Let q(g) = g + 12. Let f(o) = -19*o - 76. Let p be f(-4). Suppose z = -p*z + 3*z. Give q(z).
12
Let k(y) = -y**3 + 16*y**2 + 2*y - 16. Let o(f) = f**3 - 15*f**2 - 2*f + 16. Suppose 0 = 3*n - 26*n + 69. Let s(a) = n*k(a) + 4*o(a). Calculate s(12).
-8
Suppose -3*a + 53 = 4*m, -2*m + 2992 - 2955 = 5*a. Let p(f) = -f**3 + 10*f**2 + 7*f + 36. What is p(m)?
-8
Let j(a) = 22*a**3 + a**2 - 1. Let v(h) = -16*h - 157. Let k be v(-10). Suppose k*u + 9 = -3*r, -7*r + 4 = -9*r. Determine j(u).
-22
Let u(a) = -a**3 + 2*a**2 - 3*a + 1. Let r be u(2). Let z = 1594 - 1595. Let f(l) = 2. Let h(p) = p - 5. Let b(o) = z*h(o) - 6*f(o). Calculate b(r).
-2
Let f(q) = 2*q**3 + 10*q**2 + 4. Let n be f(-4). Let w(k) = k**2 + 399*k**3 - 400*k**3 + 0*k + k + n. Give w(0).
36
Let u(v) = -v**3 + 5*v**2 - 10*v + 23. Suppose 75*t + 150*t - 900 = 0. Determine u(t).
-1
Let f be 30*((-147)/(-252))/((-18)/(-4) + -1). Let b(o) = 4*o - 27. Determine b(f).
-7
Let i be 15/(-9)*(-9)/3. Suppose -2*r + 0*r - 8 = -2*v, 4*v + r = 6. Let g(a) = -5 + 2 + 3*a + 8*a**3 + 8*a**2 - a**2 - 2*a**v - 9*a**3. What is g(i)?
12
Let i(y) = -2*y - 1. Let w(p) = -3*p + p + 0 + 1. Let n be (-16)/(-9) - 6/(-27). Let t be w(n). Give i(t).
5
Let h(f) = 10*f - 7. Let s(u) = -17*u + 21. Let k(w) = 33*w - 40. Let r(g) = 6*k(g) + 11*s(g). Let t(n) = 5*h(n) - 4*r(n). Calculate t(-4).
-23
Let t(j) be the second derivative of 25*j - 1 - 1/2*j**2 + 1/3*j**3. Calculate t(-3).
-7
Let g(p) = -2*p**3 - 6*p**2 - 9*p + 20. Let d(u) = 7*u**3 + 19*u**2 + 27*u - 59. Let f(j) = 3*d(j) + 10*g(j). Determine f(4).
3
Let n(j) = 7*j + 0*j + 21 + j - 4*j. Let t(c) = -2*c - 11. Let g(l) = 4*n(l) + 7*t(l). Let u(i) = i + 4. Let o(y) = 3*g(y) - 5*u(y). What is o(-5)?
-4
Let l be 18/(2 + (-10)/6). Suppose 28 = -2*t + l. Let a(u) = -7*u + t*u - 5*u. Determine a(-3).
-3
Suppose 15 - 445 = -s. Let p(q) = s - 5*q - 430. Let y(d) = -17*d + 1. Let u(r) = 7*p(r) - 2*y(r). What is u(-5)?
3
Let v = -574 - -489. Let c be (v/15 + 4)*(1 + -4). Let k(w) = -w + 4. Give k(c).
-1
Let j(u) = u**3 - 2*u**2 - u - 1. Let d be j(3). Let b(i) = -i - 3. Let t be b(d). Let n(v) = -v + 5 - 6 + 0 - 7. Give n(t).
0
Suppose 84*k - 32*k + 520 = 0. Let d(b) = -35*b**2 - 1 + 0 + 36*b**2 + 4*b + 7*b. Determine d(k).
-11
Let f(d) = 57*d - 185*d + 67*d - 42 + 60*d. Give f(-15).
-27
Let l(z) = -628*z + 2512*z + 7 - 633*z - 624*z - 628*z. Let d be (0/2)/(2/2). Suppose -5*b + 8 + 17 = d. What is l(b)?
2
Let o(r) = -r**3 + 9*r**2 + 2*r + 9. Let y(v) = v**3 - 10*v**2 - v - 10. Let z(g) = 3*o(g) + 2*y(g). Let f be 1080/(-260) + 4 + (106/13 - 0). Give z(f).
-25
Let i(t) = 22*t - 20. Let o(z) = -8*z + 6. Let v(a) = -3*i(a) - 8*o(a). Give v(-5).
22
Let l(m) = -m**3 + 9*m**2 + m - 6. Suppose -5*f - 4*w + 310 = 0, -2*f + 4*w = -61 - 91. Let z(o) = 3*o - 144. Let s be z(29). Let i = f + s. Give l(i).
3
Let j(w) be the second derivative of -137*w + 1/12*w**4 + 0*w**3 - 1/20*w**5 + 8*w**2 + 0. Give j(0).
16
Let w(s) = -26*s**3 + 70*s**2 + 57*s - 96. Let g(l) = -5*l**3 + 14*l**2 + 10*l - 19. Let r(p) = -21*g(p) + 4*w(p). Calculate r(13).
80
Let x(v) = 6*v**3. Let g(r) = 3*r - 25. Let u(k) = -3*k - 7. Let w be (-14 - -16)*5/(-2). Let l be u(w). Let f be g(l). Determine x(f).
-6
Let k(d) be the first derivative of d**3/3 - 8*d**2 + 37*d + 3669. What is k(12)?
-11
Let t = -916 - -909. Let f(u) = 5*u**3 - 7*u**2 + 4*u + 4. Let m(y) = 9*y**3 - 14*y**2 + 7*y + 8. Let g(c) = -11*f(c) + 6*m(c). What is g(t)?
18
Let z be (2/(-4))/((-2)/16). Suppose 3*o = -i + 7, 7*i + 10 = 2*i. Let b(r) = 2*r**o + 18*r + 0 - 16*r - r**3 + 1 - 5*r**2. Give b(z).
-7
Let j(v) be the second derivative of v**5/20 + v**4/6 - v**3/3 - 2*v**2 + v. Let n be (-328 + 327)/((-3)/(-9)). Give j(n).
-7
Let i(y) = 2*y**2 + 3*y + 2. Suppose 4*o = -4*x + 100, -4*x - 7 = 1. Suppose -14*q = -5*q - o. Suppose 5*v - q*t + 13 = 0, 3*t = -2*v + 4 - 5. Determine i(v).
4
Suppose -3*g + 9 + 12 = 0. Suppose 4*s = -15 + g. Let j(q) = -3278 + 3278 + 2*q. What is j(s)?
-4
Let o(c) = 4*c**2 - 53 - 173767*c + 173757*c - c**2. Determine o(6).
-5
Suppose 0*q + 8 = 4*q. Let w = -581 + 584. Let p(j) = 6 + 5*j**w + 3*j**2 - j - 4*j**3 - j - 4 - 2*j**3. Give p(q).
2
Let s(p) = -132 - 44*p + 1449747*p**2 + 3*p - 1449748*p**2 - 5*p. What is s(-43)?
-3
Let y(z) = z**3 + 28*z**2 - 30*z - 19. Let i be (-4896)/170 + 3/(-15). Give y(i).
10
Let n(z) be the first derivative of z**2 - 48*z - 2991. Give n(0).
-48
Suppose 11*u - 610 + 148 = 0. Suppose -u = -27*d + 6*d. Let v(h) = 2*h**2 - 6. What is v(d)?
2
Let f be (-5)/(-6) + 85/(-30) + 4. Let t(z) = -13*z**2 + 15*z + 1. Let k(n) = 6*n**2 - 7*n. Let c(m) = 7*k(m) + 3*t(m). What is c(f)?
7
Let m(n) be the second derivative of n**6/720 + n**5/60 - 53*n**4/6 - 5*n + 7. Let v(z) be the third derivative of m(z). Let j = 21 + -15. What is v(j)?
8
Suppose 6*a + 4 = 3*o + a, -4*a = -2*o + 4. Suppose 0 = 5*r - 0*r - 5. Let u be r + (o - -2) + -4. Let h(g) = g**3 - 4*g. Determine h(u).
-15
Let l(y) = -46 - y**3 + 153 + y - 63 - 48 + y**2. Let h(i) = -i**2 + 4*i + 12. Let u be h(6). Calculate l(u).
-4
Suppose 5*b - 9*b = 0. Let o(t) be the third derivative of -t**4/24 - 17*t**3/6 - 18*t**2 + 27. Calculate o(b).
-17
Let t(g) = -g**2 + 7*g + 4. Let u be (285/(-38) - 1/(-2)) + 14. Determine t(u).
4
Let c = 0 - 0. Let u(w) = -5*w**3 - 12*w**2 - 5*w - 13. Let a(s) = 29*s**3 - 10*s**2 - 58*s**3 - 4*s - 11 + 25*s**3. Let p(n) = 6*a(n) - 5*u(n). Give p(c).
-1
Suppose x + 0*u - 38 = -2*u, -3*x - 2*u = -98. Suppose -x*d + 34*d + 12 = 0. Let z(q) = -q**2 - 6*q - 7. Determine z(d).
2
Suppose k = 10*i + 35, -4*i + 66 = 5*k - 1. Let o(r) = r**3 - 18*r**2 + 46*r - 8. Determine o(k).
7
Suppose 2192 = -34*u - 4*u + 1964. Let l(z) = -2*z**3 - 14*z**2 - 15*z - 17. Calculate l(u).
1
Let u(y) = -y**2 - 33*y - 103. Let b be u(-30). Let j(m) = 4*m**2 - 17*m + 12. Let w(p) = -5*p**2 + 18*p - 13. Let g(t) = -6*j(t) - 5*w(t). Calculate g(b).
6
Let u be -1 + -1 + 1 - 0. Let i = 709 - 710. Let x(t) = 4*t - 1. Let l(r) = 10*r - 2. Let v(o) = i*l(o) + x(o). Calculate v(u).
7
Let k(j) be the third derivative of 0*j + 0 + 7/24*j**4 + 11/6*j**3 - 1/60*j**5 + 30*j**2. Calculate k(8).
3
Let s(z) be the first derivative of z**5/20 + z**2/2 + 31*z + 66. Let w(a) be the first derivative of s(a). Calculate w(0).
1
Let l(d) = 10*d**2 + d - 1. Let a be 3 + (7/2)/7*0. Suppose -4*u + 2*v = 4, a*v - 6*v = -2*u - 10. Calculate l(u).
10
Suppose -5*g + 53 = 3*h, -h = -5*g - 3*h + 52. Let q be 3/3*-2 + g. Let s(t) be the second derivative of t**4/12 - 5*t**3/3 + 5*t**2/2 + 294*t. Give s(q).
-11
Let u be (-32)/24*-3*1. Let a(n) be the second derivative of n**5/20 - n**4/4 - 2*n**3/3 + 3*n**2/2 + 2*n + 14. Give a(u).
3
Let k(j) = -j**2 + 6*j - 10. Let f be k(5). Let u(w) = -w**3 + 34*w**2 - 147 + 150 - 37*w**2 + 6*w. Determine u(f).
23
Let a(h) be the first derivative of h**4/12 + 5*h**3/6 - 10*h**2 + h + 13. Let s(b) 